6797 a composite number?
False
Is 2771513 a prime number?
True
Is 49622059 a composite number?
False
Is 966883 prime?
True
Is 76511557 composite?
False
Is 413951 a composite number?
False
Is 33267439 prime?
False
Is 4564457 composite?
False
Is 65050189 composite?
True
Is 7639195 a composite number?
True
Is 26393759 prime?
False
Is 177522097 composite?
False
Is 6499631 composite?
False
Is 23306033 a prime number?
True
Is 168913 composite?
False
Is 879743 composite?
False
Is 379624051 prime?
True
Is 163098493 composite?
True
Is 206664691 a prime number?
False
Is 2805833 a composite number?
True
Is 385471 a composite number?
False
Is 27005317 composite?
True
Is 4570801 a composite number?
False
Is 606709 a prime number?
False
Is 277969433 a composite number?
True
Is 67648637 a prime number?
False
Is 165762473 composite?
False
Is 2202257 prime?
False
Is 17421737 a prime number?
True
Is 8080841 prime?
False
Is 116194361 prime?
True
Is 154817737 prime?
True
Is 15469861 composite?
True
Is 32951923 composite?
False
Is 24482219 composite?
True
Is 296658611 prime?
True
Is 57924359 a composite number?
False
Is 3563003 prime?
False
Is 1571861 a prime number?
False
Is 5770447 a composite number?
True
Is 19882997 a composite number?
True
Is 29181343 composite?
False
Is 793805 a prime number?
False
Is 1340387 prime?
True
Is 115128613 prime?
False
Is 134990281 a prime number?
False
Is 2636185 a composite number?
True
Is 19063301 composite?
True
Is 27919373 composite?
True
Is 8590489 prime?
False
Is 586218359 composite?
False
Is 10866403 a composite number?
False
Is 31973453 a prime number?
True
Is 519072499 prime?
False
Is 48836621 composite?
True
Is 9201037 a prime number?
False
Is 1928153 a composite number?
True
Is 4456861 prime?
True
Is 26326207 composite?
False
Is 981769 composite?
False
Is 5471057 composite?
True
Is 8217523 a prime number?
True
Is 12782659 prime?
True
Is 32277554 composite?
True
Is 510711323 prime?
False
Is 118224757 prime?
False
Is 53723086 composite?
True
Is 67211 a composite number?
False
Is 17801906 a composite number?
True
Is 10631377 a composite number?
False
Is 3548261 a prime number?
True
Is 8734571 prime?
True
Is 879892289 composite?
False
Is 2252239 a composite number?
True
Is 84666823 a composite number?
False
Is 3094427 a composite number?
True
Is 2636981 composite?
True
Is 52847414 prime?
False
Is 97758586 a prime number?
False
Is 175390319 a composite number?
True
Is 21207301 a prime number?
True
Is 103331 composite?
True
Is 1228091 prime?
True
Is 12586963 composite?
False
Is 24765437 prime?
True
Is 600337763 a composite number?
True
Is 33608527 prime?
True
Is 4138217 composite?
False
Is 32816291 a prime number?
False
Is 17991599 a prime number?
True
Is 78243157 composite?
True
Is 1574299 composite?
True
Is 409909 prime?
True
Is 4775621 prime?
True
Is 40364009 composite?
True
Is 61848907 a composite number?
True
Is 16170815 a prime number?
False
Is 4216567 composite?
True
Is 21521771 a composite number?
False
Is 7533853 a composite number?
False
Is 12660317 composite?
True
Is 9876043 a composite number?
True
Is 61547 prime?
True
Is 27878423 a prime number?
True
Is 161537 a composite number?
True
Is 54282043 a composite number?
False
Is 142598761 a composite number?
False
Is 36528221 a prime number?
True
Is 118002991 composite?
False
Is 8957063 a prime number?
True
Is 387425791 prime?
True
Is 5984309 prime?
True
Is 6330887 a prime number?
True
Is 377753 composite?
True
Is 11086211 composite?
True
Is 741661 a prime number?
True
Is 398347 composite?
False
Is 121667531 a composite number?
False
Is 6812693 a composite number?
False
Is 22059671 a composite number?
True
Is 163105 a prime number?
False
Is 20203297 composite?
False
Is 20712131 composite?
True
Is 103580717 a composite number?
True
Is 231861257 composite?
False
Is 497767 composite?
True
Is 941027 composite?
False
Is 753097 a prime number?
False
Is 17716199 a prime number?
True
Is 18551759 a prime number?
True
Is 44428633 a composite number?
True
Is 539731 a prime number?
False
Is 628132917 composite?
True
Is 26844497 prime?
True
Is 7447535 prime?
False
Is 91392529 a composite number?
True
Is 1790423 a composite number?
True
Is 5587761 a prime number?
False
Is 1694323 composite?
True
Is 59244439 prime?
False
Is 58059907 a composite number?
False
Is 208961029 a prime number?
False
Is 1444411 a prime number?
True
Is 52915471 composite?
True
Is 9349969 composite?
False
Is 5679467 prime?
True
Is 36339487 prime?
True
Is 29402627 prime?
False
Is 17425753 composite?
False
Is 24251243 a composite number?
True
Is 1748533 a prime number?
False
Is 28081019 a prime number?
False
Is 46339039 a composite number?
True
Is 7833107 a prime number?
False
Is 5946977 a prime number?
False
Is 16396099 a prime number?
True
Is 5109433 prime?
False
Is 27894767 prime?
True
Is 83667751 a prime number?
True
Is 1848081 composite?
True
Is 16568087 a prime number?
True
Is 1017031 composite?
False
Is 9887941 a composite number?
True
Is 17753179 composite?
False
Is 841162211 composite?
False
Is 6040445 composite?
True
Is 7240963 composite?
True
Is 4195679 a prime number?
True
Is 1333649 prime?
True
Is 78543719 a composite number?
True
Is 16576907 a prime number?
True
Is 72315237 composite?
True
Is 10388821 a prime number?
True
Is 1972541 composite?
False
Is 448583 a composite number?
True
Is 838763413 composite?
True
Is 549833 a prime number?
True
Is 92345597 prime?
False
Is 12112391 prime?
False
Is 118762417 composite?
False
Is 20060153 a composite number?
True
Is 10724921 a composite number?
True
Is 24759043 a composite number?
False
Is 50669543 a composite number?
False
Is 523138789 prime?
False
Is 13406611 prime?
False
Is 55024183 prime?
True
Is 33994723 a composite number?
True
Is 137695 composite?
True
Is 418085737 prime?
True
Is 65589033 a composite number?
True
Is 92645171 a prime number?
True
Is 119514469 composite?
False
Is 94194703 composite?
False
Is 375262 a composite number?
True
Is 233915933 a prime number?
True
Is 207997 prime?
True
Is 84332489 a composite number?
False
Is 6276269 a prime number?
True
Is 114040399 prime?
False
Is 17808257 a prime number?
True
Is 23365367 composite?
True
Is 10389667 a composite number?
False
Is 6213947 composite?
False
Is 6503851 a composite number?
False
Is 28559617 prime?
True
Is 53653387 a composite number?
False
Is 90101 a composite number?
True
Is 11660599 prime?
True
Is 1275107 prime?
True
Is 45758081 a prime number?
True
Is 23056377 composite?
True
Is 41468851 a composite number?
True
Is 3746359 prime?
True
Is 349291 composite?
False
Is 17406941 a prime number?
False
Is 8423071 a composite number?
False
Is 189062479 a composite number?
False
Is 51379051 composite?
True
Is 115730291 prime?
True
Is 8178307 prime?
True
Is 44283859 a prime number?
True
Is 12187199 prime?
True
Is 308471313 a prime number?
False
Is 16360637 prime?
True
Is 19166779 composite?
False
Is 28472541 composite?
True
Is 107723923 a composite number?
True
Is 20411129 prime?
True
Is 349701649 a prime number?
False
Is 1493849 prime?
False
Is 11529589 a prime number?
True
Is 618973 a prime number?
False
Is 680917 a prime number?
True
Is 1138601 composite?
True
Is 7852034 prime?
False
Is 488870555 a prime number?
False
Is 18942883 composite?
False
Is 166005107 composite?
False
Is 52078265 a composite number?
True
Is 9150326 prime?
False
Is 21257141 prime?
True
Is 262087187 a prime number?
True
Is 703610123 a prime number?
True
Is 5642489 prime?
True
Is 9129977 composite?
True
Is 2902283 composite?
True
Is 17725541 a prime number?
False
Is 269030449 prime?
False
Is 135423271 prime?
True
Is 5720797 a composite number?
True
Is 8758909 a composite number?
True
Is 6490601 composite?
True
Is 54275261 composite?
False
Is 37631273 a composite number?
False
Is 1338053027 a prime number?
False
Is 27724363 a composite number?
True
Is 8895041 a composite number?
True
Is 20238313 a composite number?
True
Is 1928207 prime?
True
Is 109663217 composite?
True
Is 14133911 prime?
False
Is 37239001 prime?
False
Is 7253189 a composite number?
False
Is 91932913 composite?
False
Is 8251219 composite?
False
Is 45828487 prime?
True
Is 301789 composite?
False
Is 7478939 prime?
False
Is 2657323 prime?
F